red thousands digit of 2415442?
4
What is the thousands digit of 1169204?
9
What is the tens digit of 338439?
3
What is the hundreds digit of 134434?
4
What is the hundred thousands digit of 283784?
2
What is the tens digit of 1895766?
6
What is the units digit of 1026536?
6
What is the hundreds digit of 727859?
8
What is the tens digit of 4293706?
0
What is the millions digit of 7226704?
7
What is the thousands digit of 156486?
6
What is the ten thousands digit of 6477633?
7
What is the units digit of 57664?
4
What is the tens digit of 35632376?
7
What is the hundred thousands digit of 216312?
2
What is the ten thousands digit of 204855?
0
What is the units digit of 848616?
6
What is the hundreds digit of 6915?
9
What is the ten thousands digit of 52973?
5
What is the ten thousands digit of 1868324?
6
What is the tens digit of 733997?
9
What is the thousands digit of 70156?
0
What is the millions digit of 6238965?
6
What is the thousands digit of 7713626?
3
What is the tens digit of 720202?
0
What is the hundreds digit of 2011391?
3
What is the units digit of 410683?
3
What is the hundred thousands digit of 7384102?
3
What is the units digit of 330541?
1
What is the units digit of 299315?
5
What is the tens digit of 633167?
6
What is the thousands digit of 14678229?
8
What is the ten thousands digit of 140752?
4
What is the hundred thousands digit of 2469423?
4
What is the thousands digit of 3459042?
9
What is the hundred thousands digit of 743772?
7
What is the tens digit of 473772?
7
What is the millions digit of 5643641?
5
What is the tens digit of 177451?
5
What is the hundred thousands digit of 2941611?
9
What is the tens digit of 5171662?
6
What is the hundreds digit of 10402814?
8
What is the tens digit of 2009445?
4
What is the ten thousands digit of 4287803?
8
What is the units digit of 4354475?
5
What is the tens digit of 516154?
5
What is the tens digit of 3531064?
6
What is the ten thousands digit of 1264184?
6
What is the tens digit of 397704?
0
What is the units digit of 2068543?
3
What is the hundred thousands digit of 13451609?
4
What is the units digit of 13018539?
9
What is the millions digit of 1756231?
1
What is the hundreds digit of 3184332?
3
What is the hundred thousands digit of 925335?
9
What is the units digit of 19797772?
2
What is the tens digit of 521899?
9
What is the tens digit of 1984884?
8
What is the ten thousands digit of 223413?
2
What is the units digit of 1285504?
4
What is the hundreds digit of 42579?
5
What is the millions digit of 1956329?
1
What is the units digit of 185526?
6
What is the millions digit of 12786683?
2
What is the thousands digit of 79396?
9
What is the units digit of 10960747?
7
What is the units digit of 162505?
5
What is the tens digit of 362775?
7
What is the tens digit of 1444297?
9
What is the hundred thousands digit of 4970606?
9
What is the thousands digit of 573969?
3
What is the thousands digit of 21046243?
6
What is the ten thousands digit of 341536?
4
What is the ten millions digit of 25755754?
2
What is the tens digit of 127098?
9
What is the units digit of 424948?
8
What is the tens digit of 481117?
1
What is the ten thousands digit of 4854031?
5
What is the units digit of 1248040?
0
What is the hundred thousands digit of 1464942?
4
What is the units digit of 70367?
7
What is the ten thousands digit of 4310429?
1
What is the millions digit of 21848797?
1
What is the ten thousands digit of 858721?
5
What is the tens digit of 8714554?
5
What is the hundred thousands digit of 2598575?
5
What is the thousands digit of 6132535?
2
What is the ten thousands digit of 81490?
8
What is the ten thousands digit of 147825?
4
What is the hundreds digit of 1206038?
0
What is the hundred thousands digit of 6612788?
6
What is the ten thousands digit of 84961?
8
What is the ten thousands digit of 5331014?
3
What is the thousands digit of 68342?
8
What is the hundred thousands digit of 805159?
8
What is the thousands digit of 37238232?
8
What is the hundreds digit of 5899141?
1
What is the hundred thousands digit of 1204486?
2
What is the tens digit of 5686410?
1
What is the thousands digit of 1020315?
0
What is the units digit of 267989?
9
What is the hundred thousands digit of 425961?
4
What is the hundreds digit of 6472401?
4
What is the millions digit of 8240298?
8
What is the thousands digit of 24825508?
5
What is the tens digit of 353347?
4
What is the units digit of 282900?
0
What is the units digit of 183750?
0
What is the ten thousands digit of 11886151?
8
What is the thousands digit of 805463?
5
What is the hundreds digit of 52728?
7
What is the ten thousands digit of 9886469?
8
What is the tens digit of 183718?
1
What is the tens digit of 579166?
6
What is the thousands digit of 827006?
7
What is the hundreds digit of 146671?
6
What is the thousands digit of 238079?
8
What is the units digit of 20145317?
7
What is the ten thousands digit of 518387?
1
What is the thousands digit of 1388692?
8
What is the units digit of 1352912?
2
What is the thousands digit of 118488?
8
What is the ten thousands digit of 1205324?
0
What is the tens digit of 3409497?
9
What is the ten thousands digit of 188293?
8
What is the hundreds digit of 931307?
3
What is the ten thousands digit of 897626?
9
What is the millions digit of 1315570?
1
What is the hundreds digit of 194865?
8
What is the millions digit of 17643699?
7
What is the ten thousands digit of 1373967?
7
What is the ten thousands digit of 12807?
1
What is the tens digit of 301464?
6
What is the tens digit of 22501435?
3
What is the millions digit of 1344716?
1
What is the thousands digit of 692132?
2
What is the hundred thousands digit of 2490803?
4
What is the hundred thousands digit of 686931?
6
What is the thousands digit of 212540?
2
What is the hundreds digit of 7886248?
2
What is the thousands digit of 30605626?
5
What is the millions digit of 4896061?
4
What is the tens digit of 33052265?
6
What is the hundreds digit of 256107?
1
What is the ten thousands digit of 2367280?
6
What is the hundreds digit of 23468451?
4
What is the thousands digit of 23784220?
4
What is the tens digit of 93132?
3
What is the tens digit of 1125320?
2
What is the ten millions digit of 12816647?
1
What is the ten thousands digit of 499222?
9
What is the hundred thousands digit of 11127312?
1
What is the hundreds digit of 486297?
2
What is the ten thousands digit of 543235?
4
What is the hundreds digit of 418798?
7
What is the units digit of 5256315?
5
What is the units digit of 582315?
5
What is the ten thousands digit of 367549?
6
What is the millions digit of 5684925?
5
What is the tens digit of 10926629?
2
What is the hundreds digit of 140415?
4
What is the tens digit of 9716513?
1
What is the millions digit of 14352326?
4
What is the hundreds digit of 11819294?
2
What is the ten millions digit of 12462051?
1
What is the units digit of 11404855?
5
What is the hundreds digit of 16383?
3
What is the thousands digit of 46170?
6
What is the ten thousands digit of 4766591?
6
What is the ten thousands digit of 69540?
6
What is the hundred thousands digit of 12720933?
7
What is the ten thousands digit of 4897811?
9
What is the units digit of 8634915?
5
What is the millions digit of 3695220?
3
What is the units digit of 4406421?
1
What is the tens digit of 61183?
8
What is the ten millions digit of 32771769?
3
What is the ten thousands digit of 12730661?
3
What is the tens digit of 212214?
1
What is the hundreds digit of 458150?
1
What is the hundreds digit of 4919200?
2
What is the hundred thousands digit of 331204?
3
What is the ten thousands digit of 6809853?
0
What is the tens digit of 7101010?
1
What is the units digit of 28796731?
1
What is the tens digit of 116511?
1
What is the hundred thousands digit of 40567111?
5
What is the tens digit of 238571?
7
What is the tens digit of 1764045?
4
What is the tens digit of 2649884?
8
What is the tens digit of 68049?
4
What is the thousands digit of 286128?
6
What is the tens digit of 142510?
1
What is the units digit of 2381616?
6
What is the hundred thousands digit of 4853347?
8
What is the tens digit of 3752548?
4
What is the hundreds digit of 325572?
5
What is the hundreds digit of 308564?
5
What is the te